{"id":143,"date":"2017-05-31T17:19:52","date_gmt":"2017-05-31T15:19:52","guid":{"rendered":"http:\/\/www.schoetzer-hof.it\/?page_id=143\/"},"modified":"2024-10-21T16:43:25","modified_gmt":"2024-10-21T14:43:25","slug":"colofone","status":"publish","type":"page","link":"https:\/\/www.schoetzer-hof.it\/it\/colofone\/","title":{"rendered":"Colofone"},"content":{"rendered":"<h3>Committente &amp; proprietario<\/h3>\n<p>Sch\u00f6tzer Hof<br \/>\nThomas Karl Sch\u00f6tzer<br \/>\nVia Delle Quercie 14<br \/>\nI-39011 Lana (BZ)<br \/>\nT +39 3409373788<br \/>\n<a href=\"mailto:i&#110;f&#111;&#64;&#115;&#99;h&#111;&#101;&#116;&#122;&#101;&#114;-h&#111;&#102;&#46;it\">&#105;&#110;fo&#64;scho&#101;tz&#101;&#114;-&#104;&#111;f.i&#116;<\/a><\/p>\n<p>P-IVA: 02786830212<br \/>\nCIN: IT021041B5MPWICN2F<\/p>\n<h3>Design, programmazione &amp; CMS<\/h3>\n<p>ps-design<br \/>\nd. Pircher Stefan<br \/>\nVia Monte Luco 24<br \/>\nI-39011 Lana (BZ)<br \/>\nM +39 333 3914367<br \/>\n<a href=\"mailto:i&#110;f&#111;&#64;&#112;s&#45;design.&#105;t\">&#105;nfo&#64;ps&#45;d&#101;&#115;i&#103;n&#46;i&#116;<\/a><\/p>\n<h3>Foto e illustrazioni<\/h3>\n<p>Barbara Kuen Sch\u00f6tzer, Tom Michael (fotografia aerea e video), Associazione Turistica Lana e dintorni<\/p>\n<h3>Indicazioni &amp; avviso di responsabilit\u00e0<\/h3>\n<p>Tutte le dichiarazioni e i contenuti di questo sito sono stati controllati con cura. Ci\u00f2 nonostante non viene assunta alcuna responsabilit\u00e1 per la garanzia, la correttezza, la completezza e l\u2019aggiornamento dei dati. Sch\u00f6tzer Hof non \u00e9 responsabile per i contenuti del sito che si riferiscono ai collegamenti ipertestuali. Questo vale anche per per gli altri siti internet. Ci riserviamo il diritto, di modificare, aggiornare o aggiungere informazioni ai dati e alle informazioni messi a disposizione.<\/p>\n<h3>Copyright<\/h3>\n<p>Concetto, struttura e contenuti di questo sito internet sono protetti dai diritti d\u2019autore. La riproduzione di informazioni o dati, in particolare l\u2019utilizzo di testi, parte di testi o materiale fotografico richiede il consenso preventivo da parte di Sch\u00f6tzer Hof.<\/p>\n<h3>CMS-System<\/h3>\n<p>powered by <a href=\"http:\/\/it.wordpress.org\" target=\"_blank\" rel=\"noopener noreferrer\">WordPress<\/a><\/p>\n<h3 id=\"datenschutz\">Privacy<\/h3>\n<p>Ai sensi dell\u2019art. 13 del decreto legislativo n\u00b0 196 del 30 giugno 2003 e seguenti modifiche e completamenti informiamo, che tutti i dati che ci vengono inviati tramite il nosto sito internet rispettivamente tramite fax, e-mail o posta verranno raccolti e salvati. La nostra societ\u00e0 garantisce un trattamento dei dati personali ai sensi delle disposizioni di legge che rispetta i diritti fondamentali, la libert\u00e0 e la dignit\u00e0 della persona interessata con particolare riferimento alla segretezza, alla identit\u00e0 personale e il diritto di tutela dei dati personali. I dati personali elaborati dalla nostra societ\u00e0 non vengono divulgati.<\/p>\n<p><strong>Il titolare del trattamento dei dati personali \u00e8:<\/strong><br \/>\nSch\u00f6tzer Hof, Thomas Karl Sch\u00f6tzer &#8211; Via Delle Quercie 14, I-39011 Lana (BZ), <a href=\"mailto:&#105;nfo&#64;s&#99;h&#111;&#101;&#116;z&#101;&#114;-hof.it\">&#105;&#110;f&#111;&#64;s&#99;h&#111;&#101;&#116;&#122;e&#114;&#45;&#104;o&#102;.&#105;&#116;<\/a><\/p>\n","protected":false},"excerpt":{"rendered":"<p>Committente &amp; proprietario Sch\u00f6tzer Hof Thomas Karl Sch\u00f6tzer Via Delle Quercie 14 I-39011 Lana (BZ) T +39 3409373788 P-IVA: 02786830212 CIN: IT021041B5MPWICN2F Design, programmazione &amp; CMS ps-design d. Pircher Stefan Via Monte Luco 24 I-39011 Lana (BZ) M +39 333 3914367 Foto e illustrazioni Barbara Kuen Sch\u00f6tzer, Tom Michael (fotografia aerea e video), Associazione Turistica [&hellip;]<\/p>\n","protected":false},"author":1,"featured_media":0,"parent":0,"menu_order":0,"comment_status":"closed","ping_status":"closed","template":"","meta":{"footnotes":""},"class_list":["post-143","page","type-page","status-publish","hentry"],"_links":{"self":[{"href":"https:\/\/www.schoetzer-hof.it\/it\/wp-json\/wp\/v2\/pages\/143","targetHints":{"allow":["GET"]}}],"collection":[{"href":"https:\/\/www.schoetzer-hof.it\/it\/wp-json\/wp\/v2\/pages"}],"about":[{"href":"https:\/\/www.schoetzer-hof.it\/it\/wp-json\/wp\/v2\/types\/page"}],"author":[{"embeddable":true,"href":"https:\/\/www.schoetzer-hof.it\/it\/wp-json\/wp\/v2\/users\/1"}],"replies":[{"embeddable":true,"href":"https:\/\/www.schoetzer-hof.it\/it\/wp-json\/wp\/v2\/comments?post=143"}],"version-history":[{"count":0,"href":"https:\/\/www.schoetzer-hof.it\/it\/wp-json\/wp\/v2\/pages\/143\/revisions"}],"wp:attachment":[{"href":"https:\/\/www.schoetzer-hof.it\/it\/wp-json\/wp\/v2\/media?parent=143"}],"curies":[{"name":"wp","href":"https:\/\/api.w.org\/{rel}","templated":true}]}}

<h3>Committente &amp; proprietario</h3>
<p>Schötzer Hof<br />
Thomas Karl Schötzer<br />
Via Delle Quercie 14<br />
I-39011 Lana (BZ)<br />
T +39 3409373788<br />
<a href="mailto:i&#110;f&#111;&#64;&#115;&#99;h&#111;&#101;&#116;&#122;&#101;&#114;-h&#111;&#102;&#46;it">&#105;&#110;fo&#64;scho&#101;tz&#101;&#114;-&#104;&#111;f.i&#116;</a></p>
<p>P-IVA: 02786830212<br />
CIN: IT021041B5MPWICN2F</p>
<h3>Design, programmazione &amp; CMS</h3>
<p>ps-design<br />
d. Pircher Stefan<br />
Via Monte Luco 24<br />
I-39011 Lana (BZ)<br />
M +39 333 3914367<br />
<a href="mailto:i&#110;f&#111;&#64;&#112;s&#45;design.&#105;t">&#105;nfo&#64;ps&#45;d&#101;&#115;i&#103;n&#46;i&#116;</a></p>
<h3>Foto e illustrazioni</h3>
<p>Barbara Kuen Schötzer, Tom Michael (fotografia aerea e video), Associazione Turistica Lana e dintorni</p>
<h3>Indicazioni &amp; avviso di responsabilità</h3>
<p>Tutte le dichiarazioni e i contenuti di questo sito sono stati controllati con cura. Ciò nonostante non viene assunta alcuna responsabilitá per la garanzia, la correttezza, la completezza e l’aggiornamento dei dati. Schötzer Hof non é responsabile per i contenuti del sito che si riferiscono ai collegamenti ipertestuali. Questo vale anche per per gli altri siti internet. Ci riserviamo il diritto, di modificare, aggiornare o aggiungere informazioni ai dati e alle informazioni messi a disposizione.</p>
<h3>Copyright</h3>
<p>Concetto, struttura e contenuti di questo sito internet sono protetti dai diritti d’autore. La riproduzione di informazioni o dati, in particolare l’utilizzo di testi, parte di testi o materiale fotografico richiede il consenso preventivo da parte di Schötzer Hof.</p>
<h3>CMS-System</h3>
<p>powered by <a href="http://it.wordpress.org" target="_blank" rel="noopener noreferrer">WordPress</a></p>
<h3 id="datenschutz">Privacy</h3>
<p>Ai sensi dell’art. 13 del decreto legislativo n° 196 del 30 giugno 2003 e seguenti modifiche e completamenti informiamo, che tutti i dati che ci vengono inviati tramite il nosto sito internet rispettivamente tramite fax, e-mail o posta verranno raccolti e salvati. La nostra società garantisce un trattamento dei dati personali ai sensi delle disposizioni di legge che rispetta i diritti fondamentali, la libertà e la dignità della persona interessata con particolare riferimento alla segretezza, alla identità personale e il diritto di tutela dei dati personali. I dati personali elaborati dalla nostra società non vengono divulgati.</p>
<p><strong>Il titolare del trattamento dei dati personali è:</strong><br />
Schötzer Hof, Thomas Karl Schötzer &#8211; Via Delle Quercie 14, I-39011 Lana (BZ), <a href="mailto:&#105;nfo&#64;s&#99;h&#111;&#101;&#116;z&#101;&#114;-hof.it">&#105;&#110;f&#111;&#64;s&#99;h&#111;&#101;&#116;&#122;e&#114;&#45;&#104;o&#102;.&#105;&#116;</a></p>

<p>Committente &amp; proprietario Schötzer Hof Thomas Karl Schötzer Via Delle Quercie 14 I-39011 Lana (BZ) T +39 3409373788 P-IVA: 02786830212 CIN: IT021041B5MPWICN2F Design, programmazione &amp; CMS ps-design d. Pircher Stefan Via Monte Luco 24 I-39011 Lana (BZ) M +39 333 3914367 Foto e illustrazioni Barbara Kuen Schötzer, Tom Michael (fotografia aerea e video), Associazione Turistica [&hellip;]</p>
